69421081?
3769421081
List the prime factors of 391968889.
13, 30151453
What are the prime factors of 186450466?
2, 23, 131, 30941
List the prime factors of 16391581.
359, 45659
What are the prime factors of 68331695?
5, 19, 719281
List the prime factors of 670772949.
3, 7, 11, 839, 3461
List the prime factors of 208251542.
2, 113, 921467
What are the prime factors of 2750395488?
2, 3, 2129, 13457
List the prime factors of 23550603.
3, 53, 73, 2029
List the prime factors of 64366169.
7, 9195167
What are the prime factors of 28978891?
1013, 28607
What are the prime factors of 122222531?
122222531
What are the prime factors of 72504990?
2, 3, 5, 268537
List the prime factors of 547748962.
2, 37, 1663, 4451
List the prime factors of 5376389964.
2, 3, 11, 89, 457643
List the prime factors of 178536578.
2, 11, 19, 431, 991
What are the prime factors of 121916446?
2, 191, 439, 727
List the prime factors of 743722767.
3, 31, 907, 2939
List the prime factors of 136857927.
3, 131, 348239
What are the prime factors of 387051469?
7, 55293067
List the prime factors of 15961212.
2, 3, 16421
List the prime factors of 84572104.
2, 23, 459631
What are the prime factors of 2394144435?
3, 5, 401, 398029
List the prime factors of 1262705546.
2, 199, 3172627
List the prime factors of 148257114.
2, 3, 19, 1300501
What are the prime factors of 443067562?
2, 7, 31, 1020893
List the prime factors of 1232169446.
2, 181, 3403783
List the prime factors of 69423179.
7, 9917597
List the prime factors of 2048965827.
3, 2417, 282577
What are the prime factors of 58030370?
2, 5, 19, 305423
What are the prime factors of 40383395?
5, 13, 47791
List the prime factors of 907516702.
2, 47, 9654433
What are the prime factors of 449595328?
2, 7, 13, 17, 19, 239
What are the prime factors of 19574536?
2, 29, 139, 607
What are the prime factors of 61772819?
19, 73, 44537
List the prime factors of 183106719.
3, 2633, 7727
List the prime factors of 332905945.
5, 83, 802183
What are the prime factors of 96203049?
3, 3037, 10559
List the prime factors of 126958640.
2, 5, 31, 51193
What are the prime factors of 283766096?
2, 547, 32423
List the prime factors of 255548910.
2, 3, 5, 73, 116689
What are the prime factors of 12720644?
2, 47, 71, 953
What are the prime factors of 479557132?
2, 601, 199483
List the prime factors of 85356694.
2, 17, 2510491
List the prime factors of 636023257.
636023257
What are the prime factors of 471867285?
3, 5, 31457819
What are the prime factors of 309176744?
2, 89, 434237
List the prime factors of 96121325.
5, 59, 65167
List the prime factors of 36737374.
2, 17, 19, 29, 37, 53
What are the prime factors of 23589268?
2, 17, 41, 8461
What are the prime factors of 77144055?
3, 5, 5142937
What are the prime factors of 109304543?
17, 31, 207409
What are the prime factors of 717267950?
2, 5, 7, 43, 47659
List the prime factors of 476249916.
2, 3, 39687493
List the prime factors of 2407589.
233, 10333
What are the prime factors of 301380234?
2, 3, 50230039
What are the prime factors of 41352735?
3, 5, 23, 67, 1789
List the prime factors of 152717533.
73, 2092021
What are the prime factors of 9831764?
2, 23, 106867
What are the prime factors of 5345604430?
2, 5, 593, 901451
List the prime factors of 48307303.
11, 61, 71993
What are the prime factors of 2602142691?
3, 867380897
List the prime factors of 8661391935.
3, 5, 7, 82489447
List the prime factors of 90512716.
2, 7, 3232597
List the prime factors of 70364126.
2, 7, 859, 5851
List the prime factors of 890963307.
3, 13, 59, 14341
What are the prime factors of 685307828?
2, 653, 262369
List the prime factors of 265049497.
47, 257, 21943
What are the prime factors of 3259161967?
31, 105134257
What are the prime factors of 6381807731?
13, 490908287
List the prime factors of 430249789.
173, 2486993
What are the prime factors of 5340949847?
727, 1223, 6007
List the prime factors of 100489981.
389, 258329
List the prime factors of 29128351.
7, 4161193
List the prime factors of 68530382.
2, 239, 307, 467
List the prime factors of 58346191.
7487, 7793
What are the prime factors of 2463202564?
2, 59, 103, 101333
What are the prime factors of 218682593?
163, 1341611
What are the prime factors of 1401523636?
2, 647, 541547
What are the prime factors of 577042817?
13, 131, 338839
What are the prime factors of 3296623878?
2, 3, 1303, 140557
What are the prime factors of 1240063471?
1240063471
List the prime factors of 8717153.
127, 68639
List the prime factors of 44773526.
2, 7, 3198109
What are the prime factors of 385924149?
3, 13, 1099499
What are the prime factors of 63254057?
47, 491, 2741
What are the prime factors of 108340362?
2, 3, 13, 157, 983
List the prime factors of 3205544745.
3, 5, 13, 1051, 15641
What are the prime factors of 1860946398?
2, 3, 61, 1694851
What are the prime factors of 39126262?
2, 7, 107, 26119
List the prime factors of 1446941084.
2, 1223, 295777
List the prime factors of 479107577.
13, 307, 120047
What are the prime factors of 398209936?
2, 24888121
List the prime factors of 1852310518.
2, 926155259
List the prime factors of 653057161.
653057161
What are the prime factors of 2600910354?
2, 3, 7, 31, 353, 5659
What are the prime factors of 13398847?
7, 11, 37, 4703
What are the prime factors of 4000956467?
23, 271, 653, 983
What are the prime factors of 131308738?
2, 11, 1193, 5003
What are the prime factors of 7574078221?
17, 131, 419, 8117
What are the prime factors of 47435261?
257, 379, 487
List the prime factors of 2109006494.
2, 7, 149, 1011029
What are the prime factors of 3675522396?
2, 3, 7, 13, 3365863
What are the prime factors of 332092194?
2, 3, 7, 7906957
What are the prime factors of 845156350?
2, 5, 47, 359641
List the prime factors of 97340901.
3, 7, 47, 73, 193
What are the prime factors of 444931545?
3, 5, 29662103
List the prime factors of 783967609.
783967609
List the prime factors of 96538208.
2, 13, 17851
List the prime factors of 1591077235.
5, 11, 28928677
What are the prime factors of 293402223?
3, 53, 205033
List the prime factors of 42731891.
42731891
List the prime factors of 16207428.
2, 3, 109, 12391
List the prime factors of 1035476190.
2, 3, 5, 7, 547871
What are the prime factors of 196698138?
2, 3, 7, 13, 337, 1069
What are the prime factors of 48568527?
3, 7, 770929
List the prime factors of 638116694.
2, 319058347
List the prime factors of 59537099.
881, 67579
List the prime factors of 66215940.
2, 3, 5, 7, 37, 4261
What are the prime factors of 252160690?
2, 5, 59, 257, 1663
What are the prime factors of 20621883?
3, 6873961
What are the prime factors of 177006559?
31, 47, 121487
What are the prime factors of 209983637?
3701, 56737
List the prime factors of 83631133.
1423, 58771
What are the prime factors of 306675071?
306675071
List the prime factors of 178834511.
178834511
What are the prime factors of 66306017?
66306017
What are the prime factors of 2423078124?
2, 3, 373, 541349
List the prime factors of 45506543.
31, 1467953
List the prime factors of 74475924.
2, 3, 6206327
What are the prime factors of 37550568?
2, 3, 11, 142237
What are the prime factors of 2784075033?
3, 43, 47, 151, 3041
What are the prime factors of 43905642?
2, 3, 11, 269, 2473
What are the prime factors of 2340586627?
1279, 1830013
List the prime factors of 2878500090.
2, 3, 5, 79, 107, 11351
What are the prime factors of 111476117?
111476117
List the prime factors of 691524898.
2, 2459, 140611
What are the prime factors of 44655289?
7, 6379327
What are the prime factors of 70658607?
3, 23552869
List the prime factors of 147366173.
2677, 55049
List the prime factors of 841018179.
3, 167, 1678679
List the prime factors of 81146506.
2, 7, 1093, 5303
What are the prime factors of 94064061?
3, 7, 13, 47, 7331
List the prime factors of 1291275097.
7, 3253, 8101
What are the prime factors of 5474551534?
2, 6007, 455681
List the prime factors of 35051345.
5, 7, 1001467
List the prime factors of 3482547410.
2, 5, 17, 367, 55819
What are the prime factors of 1908522427?
7, 113, 2412797
What are the prime factors of 2538015266?
2, 1269007633
What are the prime factors of 2618456536?
2, 127, 2577221
List the prime factors of 887692430.
2, 5, 43, 977, 2113
List the prime factors o